3980*k + 39811. Give r(-10).
11
Let b(h) = 394*h - 5500. Give b(14).
16
Let n(b) = 119*b + 27. Determine n(1).
146
Let i(w) = -8*w + 470. Give i(60).
-10
Let x(k) = 2*k**3 + 2*k**2 - 4*k + 5. What is x(0)?
5
Let a(i) = i**3 - 20*i**2 + 26*i - 48. Give a(18).
-228
Let s(n) = 9*n**2 - 99*n + 156. What is s(9)?
-6
Let b(z) = 174*z + 389. Calculate b(-2).
41
Let v(i) = -i**3 + 13*i**2 + 36*i - 50. Determine v(15).
40
Let h(l) = 566*l + 3364. Determine h(-6).
-32
Let c(d) = 114*d**2 + 133*d - 1. What is c(-1)?
-20
Let y(h) = 6*h**2 + 15*h + 86. Determine y(-6).
212
Let x(u) = -122*u - 1130. What is x(-9)?
-32
Let f(b) = -b**3 - 46*b**2 - 240*b - 30. What is f(-40)?
-30
Let t(n) = 4*n**3 + 3*n**2 - 6*n + 14. Determine t(-4).
-170
Let f(n) = -3527*n + 31760. Calculate f(9).
17
Let d(p) = 36*p + 1467. Give d(-41).
-9
Let x(k) = -2*k**2 + k - 27. Give x(-8).
-163
Let t(k) = k**3 - 122*k**2 + 237*k + 378. What is t(120)?
18
Let y(s) = 375*s - 4119. Calculate y(11).
6
Let a(n) = -370*n - 6673. Give a(-18).
-13
Let f(i) = -14*i**3 - 24*i**2 + 9*i - 5. What is f(-2)?
-7
Let j(g) = 65*g + 23. Give j(1).
88
Let b(m) = -21*m + 109. What is b(6)?
-17
Let r(w) = w**3 + 13*w**2 + 26*w + 335. What is r(-13)?
-3
Let r(g) = -3*g**2 - 198*g - 104. Give r(-66).
-104
Let q(h) = -h**2 - 179*h + 735. What is q(4)?
3
Let l(h) = 13*h - 181. Determine l(17).
40
Let k(t) = 5*t**2 + 3*t + 210. Give k(0).
210
Let s(k) = 754*k - 747. What is s(1)?
7
Let n(d) = 6*d**3 + 582*d**2 + 23. Give n(-97).
23
Let i(u) = 81*u - 53. Give i(1).
28
Let g(o) = -2*o**3 - 37*o**2 + 76*o + 1078. Calculate g(-19).
-5
Let h(n) = -500*n**3 - n. Calculate h(1).
-501
Let n(l) = -7*l**2 + 39*l - 37. Determine n(6).
-55
Let h(g) = 121*g + 8908. What is h(-75)?
-167
Let m(w) = -10*w**3 + 27*w**2 + 51*w + 24. Determine m(-1).
10
Let p(i) = -4*i**2 - 39*i + 71. Give p(0).
71
Let c(x) = 243*x + 37698. Calculate c(-155).
33
Let v(p) = 30*p + 4061. Calculate v(-134).
41
Let b(f) = f**3 + 30*f**2 + 6*f - 19. What is b(-30)?
-199
Let x(v) = v**3 - 9*v**2 - 16*v + 48. Determine x(11).
114
Let p(w) = w**3 + 38*w**2 + 78*w + 233. Give p(-36).
17
Let p(g) = 76*g**3 + 2*g**2 + 124*g - 245. What is p(2)?
619
Let m(z) = -51*z - 490. What is m(-9)?
-31
Let o(k) = -4*k**2 - 93*k + 29. What is o(-24)?
-43
Let b(g) = -415*g - 2909. Calculate b(-7).
-4
Let y(r) = -r**2 + 28*r - 117. Determine y(6).
15
Let g(f) = -434*f - 1850. Determine g(-4).
-114
Let v(m) = 4*m**3 + 94*m**2 - 44*m + 98. Give v(-24).
2
Let q(f) = -11*f**3 + 99*f**2 - 7*f + 47. What is q(9)?
-16
Let b(l) = -19*l**3 - 112*l**2 + 12*l + 8. What is b(-6)?
8
Let o(w) = 6*w**2 - 31*w - 30. Give o(-1).
7
Let u(v) = -v**3 - 12*v**2 + 12*v - 9. What is u(-13)?
4
Let p(k) = 2*k**3 - 3*k**2 + 18*k. Give p(-3).
-135
Let v(w) = -2978*w - 50629. What is v(-17)?
-3
Let l(s) = s**3 + 18*s**2 - 70*s - 593. Determine l(-20).
7
Let z(k) = -2*k**3 - 116*k**2 - 115*k - 204. What is z(-57)?
-147
Let q(l) = l**3 + 26*l**2 - 18*l + 372. Determine q(-27).
129
Let y(w) = -408*w - 4434. Give y(-11).
54
Let l(d) = d**3 - 13*d**2 - 98*d + 118. Give l(18).
-26
Let z(k) = 88*k - 4749. Give z(54).
3
Let i(v) = 10*v + 455. Give i(-48).
-25
Let w(i) = i**3 + 8*i**2 - i - 90. Give w(-4).
-22
Let b(x) = 4*x**2 + 231*x + 232. Give b(-1).
5
Let t(r) = r**3 - 17*r**2 - 164*r - 88. What is t(24)?
8
Let j(f) = 35127*f - 70250. What is j(2)?
4
Let u(n) = n**2 - 131*n - 403. Give u(-3).
-1
Let b(x) = -x**3 + 10*x**2 - 10*x + 6. Give b(9).
-3
Let x(l) = 477*l + 4763. Determine x(-10).
-7
Let k(h) = 6*h**2 - 92*h - 14. Determine k(14).
-126
Let f(r) = -r**2 - 112*r + 6641. What is f(-155)?
-24
Let z(n) = -85*n - 1934. Calculate z(-22).
-64
Let w(y) = -y**2 - 106*y - 2591. What is w(-68)?
-7
Let b(c) = -c**2 - 26*c + 123. Calculate b(-18).
267
Let g(u) = -u**3 + 12*u**2 + 5*u - 30. Give g(12).
30
Let d(v) = -39*v**3 - 3*v**2 - 7*v - 4. What is d(-1)?
39
Let r(v) = 3*v**2 - 611*v - 16397. Determine r(-24).
-5
Let z(p) = -24*p**3 + 2*p**2 - 14*p - 15. Give z(-1).
25
Let g(m) = 375*m + 1112. What is g(-3)?
-13
Let h(i) = -i**3 + 9*i**2 + 3*i - 21. Determine h(9).
6
Let x(z) = -37*z + 1017. Give x(29).
-56
Let f(g) = g**3 - 8*g**2 + 6*g + 4. Determine f(5).
-41
Let g(n) = -2*n**3 + 4*n**2 + 74*n + 98. Determine g(-4).
-6
Let b(f) = -24*f + 652. Determine b(28).
-20
Let a(r) = 62*r + 5601. Determine a(-91).
-41
Let j(b) = -b**3 + 18*b**2 - 27*b - 565. Give j(11).
-15
Let s(b) = -419*b - 2447. What is s(-6)?
67
Let l(o) = o**3 - 2*o**2 - 127*o + 40. Determine l(-11).
-136
Let z(p) = -2*p**2 + 70*p - 524. Determine z(25).
-24
Let h(q) = 3*q + 158. Calculate h(-27).
77
Let w(i) = -16*i + 308. Calculate w(-9).
452
Let m(c) = 33*c**2 - 51*c - 386. Calculate m(-6).
1108
Let h(k) = 2*k**2 + 61*k + 151. Give h(-34).
389
Let p(u) = -165*u + 20476. Calculate p(124).
16
Let t(o) = -o**3 - 30*o**2 - 78*o - 6. Give t(-3).
-15
Let d(j) = 122*j**2 - 603*j - 7. Give d(5).
28
Let u(i) = 111*i + 794. What is u(-7)?
17
Let u(o) = -71*o - 1808. Determine u(-28).
180
Let u(w) = 35*w - 129. Give u(8).
151
Let y(t) = -2*t**3 - t**2 - 36*t - 211. Calculate y(-4).
45
Let t(j) = -8*j**2 - 8*j - 10. Determine t(-2).
-26
Let g(b) = 65*b - 36. Determine g(-6).
-426
Let n(m) = 172*m - 1191. Determine n(7).
13
Let m(f) = -f**3 + 95*f**2 + 93*f + 286. Calculate m(96).
-2
Let q(g) = g**3 - 9*g**2 - 8*g - 27. Determine q(10).
-7
Let u(n) = n**3 - 5*n**2 + 20*n + 312. What is u(-5)?
-38
Let r(w) = -w**3 + 87*w**2 - 557*w - 242. Give r(80).
-2
Let h(b) = -b**3 - 14*b**2 - 9*b + 74. Determine h(-13).
22
Let i(t) = 21*t + 858. Give i(-41).
-3
Let c(x) = -x**2 - 31*x + 699. Determine c(-46).
9
Let p(c) = -3*c**3 + 74*c**2 - 52*c + 7. What is p(24)?
-89
Let t(m) = m**2 + 16*m - 101. Give t(5).
4
Let p(f) = -f**3 - 3*f**2 + 106*f + 395. Determine p(-4).
-13
Let f(t) = t**2 + 73*t + 584. Determine f(-64).
8
Let t(i) = -70*i + 4919. Calculate t(72).
-121
Let m(r) = 325*r - 37056. Give m(114).
-6
Let c(x) = 65*x + 398. What is c(-9)?
-187
Let o(u) = u**2 + 420*u + 9506. Determine o(-24).
2
Let h(d) = 226*d + 98083. Calculate h(-434).
-1
Let x(u) = 16*u + 51. Calculate x(21).
387
Let q(g) = -11*g - 6. Determine q(-12).
126
Let j(l) = -l**3 - 96*l**2 - 631*l - 37. Give j(-7).
19
Let z(l) = 16689*l + 50095. Calculate z(-3).
28
Let f(w) = 113*w**3 + w**2 + 13*w + 13. Calculate f(-1).
-112
Let m(o) = -11*o**2 - 15*o + 66. Calculate m(3).
-78
Let s(t) = -1881*t + 11295. What is s(6)?
9
Let u(p) = p**3 + 38*p**2 - 460*p + 960. Give u(-48).
0
Let g(z) = 2*z**3 + 7*z**2 - 4*z + 15. Calculate g(-4).
15
Let x(z) = -56*z - 13. Give x(-2).
99
Let y(k) = -81*k + 3244. What is y(37)?
247
Let r(k) = k**3 + k**2 - 17*k - 6. Give r(-4).
14
Let p(m) = -m**3 - 4*m**2 + 6*m - 17. Give p(-5).
-22
Let t(x) = x**2 - x + 111. What is t(-15)?
351
Let h(p) = -p**2 - 140*p - 4549. Calculate h(-51).
-10
Let m(v) = -3*v**3 - 16*v**2 + 8*v + 62. Give m(-5).
-3
Let j(n) = n**2 - 37*n - 98. Determine j(39).
-20
Let h(s) = 80*s - 1083. What is h(14)?
37
Let y(c) = 52*c**3 + c**2 + 7*c + 22. Calculate y(-2).
-404
Let p(c) = 5*c**2 + 47*c - 67. Determine p(-11).
21
Let b(l) = -l**2 - 166*l - 2188. Give b(-13).
-199
Let i(w) = w**3 - 8*w**2 - 17*w + 66. What is i(9)?
-6
Let v(b) = -4*b**3 - 41*b**2 - 72*b - 248. What is v(-9)?
-5
Let y(j) = 5*j**2 - 73*j + 26. What is y(13)?
-78
Let z(j) = j**2 + 68*j - 4187. Determine z(39).
-14
Let x(w) = -w**3 + 11*w**2 + w - 91. What is x(10)?
19
Let z(f) = 422*f - 3379. Give z(8).
-3
Let f(d) = d**2 - 28*d - 19. What is f(29)?
10
Let v(r) = r**3 - 15*r**2 - 15*r - 11. Determine v(16).
5
Let c(n) = 2*n**3 + 55*n**2 + 74*n - 84. Calculate c(-26).
20
Let f(w) = 88*w - 3339. Determine f(38).
5
Let i(w) = w**3 - 38*w**2 - 53*w + 231. Calculate i(39).
-315
Let g(s) = -s**3 + 232*s**2 + 1927*s - 1671. Calculate g(240).
9
Let f(o) = 2326*o + 2407. Determine f(-1).
81
Let x(b) = 3*b**3 - 95*b**2 + 59*b - 24. What is x(31)?
-117
Let x(v) = v**2 + 4*v - 57. Give x(11).
108
Let c(b) = -3639*b - 32708. Calculate c(-9).
43
Let b(c) = c**3 + 15*c**2 - 25*c + 156. Calculate b(-17).
3
Let h(v) = 9*v**3 - 621*v**2 - 2*v + 144. Determine h(69).
6
Let y(x) = -226*x - 3204. Give y(-14).
-40
Let w(i) = -5*i + 148. What is w(-11)?
203
Let q(s) = s**3 - 48*s**2 +